93.
26
What is the remainder when 893 is divided by 430?
33
Calculate the remainder when 26305 is divided by 6567.
37
Calculate the remainder when 18591 is divided by 50.
41
Calculate the remainder when 1567 is divided by 1459.
108
What is the remainder when 4679 is divided by 98?
73
Calculate the remainder when 880 is divided by 27.
16
Calculate the remainder when 3903 is divided by 396.
339
What is the remainder when 285282 is divided by 1174?
0
What is the remainder when 1235385 is divided by 411793?
6
Calculate the remainder when 16397 is divided by 1630.
97
What is the remainder when 2581 is divided by 15?
1
What is the remainder when 7083 is divided by 3512?
59
Calculate the remainder when 594681 is divided by 167.
161
Calculate the remainder when 72218 is divided by 688.
666
What is the remainder when 309029 is divided by 72?
5
Calculate the remainder when 70228 is divided by 41.
36
Calculate the remainder when 1087456 is divided by 11.
7
Calculate the remainder when 98689 is divided by 278.
277
Calculate the remainder when 2922 is divided by 335.
242
What is the remainder when 6972 is divided by 870?
12
Calculate the remainder when 37326 is divided by 229.
228
What is the remainder when 130676 is divided by 722?
716
Calculate the remainder when 6242 is divided by 144.
50
What is the remainder when 15311 is divided by 7506?
299
Calculate the remainder when 1895 is divided by 596.
107
What is the remainder when 78376 is divided by 389?
187
Calculate the remainder when 10532 is divided by 246.
200
What is the remainder when 8788 is divided by 871?
78
What is the remainder when 3674 is divided by 1395?
884
Calculate the remainder when 16532 is divided by 44.
32
Calculate the remainder when 1801 is divided by 79.
63
What is the remainder when 10032 is divided by 35?
22
Calculate the remainder when 63781 is divided by 21254.
19
What is the remainder when 40095 is divided by 633?
216
What is the remainder when 63082 is divided by 20897?
391
What is the remainder when 52828 is divided by 11?
6
Calculate the remainder when 22945 is divided by 188.
9
What is the remainder when 5805 is divided by 2881?
43
Calculate the remainder when 70699 is divided by 491.
486
Calculate the remainder when 1799635 is divided by 71.
69
Calculate the remainder when 11580 is divided by 725.
705
What is the remainder when 1065 is divided by 16?
9
Calculate the remainder when 78481 is divided by 39240.
1
Calculate the remainder when 333829 is divided by 111273.
10
What is the remainder when 1228 is divided by 616?
612
Calculate the remainder when 8959 is divided by 934.
553
What is the remainder when 108417 is divided by 60?
57
What is the remainder when 8780 is divided by 986?
892
Calculate the remainder when 11337 is divided by 108.
105
What is the remainder when 1287788 is divided by 16?
12
Calculate the remainder when 5281 is divided by 2486.
309
What is the remainder when 4480 is divided by 46?
18
What is the remainder when 70171 is divided by 26?
23
Calculate the remainder when 948352 is divided by 66.
64
Calculate the remainder when 5649 is divided by 74.
25
Calculate the remainder when 3192 is divided by 316.
32
What is the remainder when 19859 is divided by 111?
101
What is the remainder when 7089 is divided by 53?
40
What is the remainder when 122637 is divided by 28?
25
Calculate the remainder when 299889 is divided by 373.
370
Calculate the remainder when 133429 is divided by 111.
7
Calculate the remainder when 149897 is divided by 24966.
101
What is the remainder when 20390 is divided by 1004?
310
Calculate the remainder when 2374 is divided by 1281.
1093
Calculate the remainder when 1912169 is divided by 13.
12
What is the remainder when 99701 is divided by 119?
98
Calculate the remainder when 32852 is divided by 451.
380
What is the remainder when 5512 is divided by 604?
76
What is the remainder when 2772 is divided by 701?
669
What is the remainder when 986 is divided by 222?
98
Calculate the remainder when 10766 is divided by 1808.
1726
Calculate the remainder when 1259 is divided by 128.
107
What is the remainder when 802533 is divided by 476?
473
Calculate the remainder when 15914 is divided by 15900.
14
What is the remainder when 345 is divided by 28?
9
Calculate the remainder when 43887 is divided by 266.
263
Calculate the remainder when 59180 is divided by 558.
32
Calculate the remainder when 2882933 is divided by 18.
17
What is the remainder when 7028 is divided by 1756?
4
What is the remainder when 28746 is divided by 4776?
90
What is the remainder when 7167 is divided by 211?
204
What is the remainder when 7609 is divided by 2528?
25
Calculate the remainder when 7386 is divided by 4.
2
Calculate the remainder when 29589 is divided by 120.
69
What is the remainder when 283951 is divided by 16?
15
What is the remainder when 7510 is divided by 1500?
10
Calculate the remainder when 250389 is divided by 35.
34
Calculate the remainder when 9267 is divided by 1535.
57
Calculate the remainder when 1044 is divided by 585.
459
Calculate the remainder when 4588 is divided by 29.
6
Calculate the remainder when 165039 is divided by 1965.
1944
What is the remainder when 3817 is divided by 576?
361
Calculate the remainder when 1365 is divided by 623.
119
What is the remainder when 364569 is divided by 492?
489
Calculate the remainder when 7262 is divided by 366.
308
What is the remainder when 1533 is divided by 734?
65
Calculate the remainder when 360109 is divided by 58.
45
Calculate the remainder when 297448 is divided by 50.
48
What is the remainder when 97993 is divided by 107?
88
What is the remainder when 6122 is divided by 1519?
46
Calculate the remainder when 930 is divided by 27.
12
Calculate the remainder when 157230 is divided by 364.
346
What is the remainder when 327 is divided by 44?
19
Calculate the remainder when 3640 is divided by 64.
56
What is the remainder when 257986 is divided by 750?
736
Calculate the remainder when 2080 is divided by 178.
122
What is the remainder when 134158 is divided by 208?
206
Calculate the remainder when 4395 is divided by 4335.
60
What is the remainder when 3842 is divided by 593?
284
What is the remainder when 3606 is divided by 21?
15
Calculate the remainder when 652787 is divided by 290.
287
What is the remainder when 447770 is divided by 223880?
10
Calculate the remainder when 1905855 is divided by 1228.
1227
Calculate the remainder when 209053 is divided by 62.
51
What is the remainder when 14636 is divided by 814?
798
Calculate the remainder when 11207 is divided by 79.
68
What is the remainder when 2731 is divided by 18?
13
What is the remainder when 8741 is divided by 1645?
516
What is the remainder when 4873604 is divided by 15?
14
What is the remainder when 1617 is divided by 76?
21
What is the remainder when 1173 is divided by 49?
46
What is the remainder when 453400 is divided by 835?
830
What is the remainder when 25711 is divided by 441?
133
What is the remainder when 128843 is divided by 12874?
103
What is the remainder when 21275 is divided by 12?
11
Calculate the remainder when 384400 is divided by 1615.
30
What is the remainder when 26638 is divided by 8876?
10
What is the remainder when 27198 is divided by 8752?
942
Calculate the remainder when 25163 is divided by 8386.
5
What is the remainder when 2795 is divided by 336?
107
Calculate the remainder when 2035 is divided by 1895.
140
What is the remainder when 28591 is divided by 32?
15
Calculate the remainder when 510 is divided by 243.
24
What is the remainder when 136280 is divided by 19?
12
Calculate the remainder when 13528 is divided by 15.
13
What is the remainder when 83375 is divided by 41627?
121
Calculate the remainder when 104176 is divided by 15.
1
Calculate the remainder when 135935 is divided by 24.
23
Calculate the remainder when 1785351 is divided by 46.
45
What is the remainder when 59982 is divided by 11993?
17
What is the remainder when 285234 is divided by 15?
9
Calculate the remainder when 2441 is divided by 1988.
453
Calculate the remainder when 71889 is divided by 5.
4
Calculate the remainder when 1492 is divided by 505.
482
Calculate the remainder when 23571 is divided by 38.
11
What is the remainder when 308294 